the greatest common divisor of 346473 and 27819.
2529
Calculate the highest common factor of 532832 and 32.
32
Calculate the greatest common factor of 6510 and 1750.
70
Calculate the highest common divisor of 7 and 784000.
7
What is the greatest common divisor of 94 and 33417?
47
What is the highest common divisor of 581 and 2212614?
83
Calculate the highest common divisor of 6840 and 192204.
684
What is the highest common factor of 665 and 21175?
35
Calculate the greatest common divisor of 492275 and 609.
203
Calculate the highest common divisor of 2765 and 2679838.
553
What is the highest common divisor of 20 and 43305?
5
Calculate the greatest common divisor of 173296 and 40.
8
Calculate the highest common factor of 303 and 1414.
101
What is the greatest common factor of 9072 and 784?
112
Calculate the highest common factor of 2752 and 939808.
1376
Calculate the greatest common divisor of 187757 and 1569.
523
Calculate the greatest common divisor of 217964 and 261.
29
What is the highest common factor of 586292 and 70?
14
Calculate the highest common factor of 24185 and 1540.
35
Calculate the greatest common factor of 17343 and 531.
9
Calculate the highest common divisor of 171 and 2440341.
171
What is the highest common factor of 174 and 286752?
174
What is the greatest common factor of 15640 and 89539?
391
Calculate the greatest common divisor of 48 and 2352084.
12
Calculate the greatest common divisor of 3726 and 29322.
162
What is the highest common factor of 296869 and 307?
307
What is the highest common factor of 194 and 14836150?
194
Calculate the greatest common factor of 8798 and 106.
106
What is the highest common divisor of 444 and 137862?
222
Calculate the highest common divisor of 627116 and 28.
28
What is the highest common factor of 30 and 5546370?
30
Calculate the greatest common factor of 15440 and 33480.
40
Calculate the greatest common divisor of 3005 and 145.
5
What is the highest common divisor of 13409 and 506?
253
What is the greatest common factor of 1536 and 1044?
12
What is the greatest common factor of 1335278 and 127?
127
What is the highest common factor of 6829 and 9?
1
Calculate the highest common divisor of 832 and 318864.
208
What is the greatest common factor of 141 and 528?
3
What is the greatest common factor of 400 and 406832?
16
Calculate the greatest common divisor of 688116 and 11.
11
Calculate the greatest common factor of 1944 and 5349888.
1944
Calculate the highest common factor of 375 and 1560.
15
What is the highest common factor of 72969 and 7761?
39
What is the greatest common divisor of 35 and 22435?
35
What is the highest common factor of 476 and 765884?
476
Calculate the highest common factor of 94 and 19129.
47
What is the greatest common factor of 262976 and 3136?
448
What is the greatest common divisor of 292 and 476?
4
Calculate the highest common factor of 1430 and 594.
22
Calculate the greatest common divisor of 1538478 and 18.
18
What is the highest common divisor of 24 and 12732?
12
Calculate the highest common divisor of 22708 and 413.
7
What is the greatest common divisor of 6 and 422037?
3
Calculate the highest common factor of 857690 and 431.
431
Calculate the highest common divisor of 1152 and 27576.
72
What is the greatest common divisor of 3885 and 391349?
259
Calculate the highest common factor of 83535 and 15.
15
What is the highest common factor of 108250 and 1250?
250
What is the highest common factor of 108 and 414084?
12
What is the highest common divisor of 444 and 440596?
148
What is the highest common factor of 3696715 and 110?
55
What is the greatest common divisor of 515 and 55?
5
Calculate the greatest common divisor of 175 and 867965.
35
Calculate the greatest common divisor of 683 and 7897529.
683
Calculate the highest common divisor of 459 and 52569.
27
What is the greatest common divisor of 14800 and 7585?
185
What is the greatest common factor of 70466 and 2156?
22
Calculate the greatest common factor of 5327 and 923854.
761
What is the greatest common divisor of 1107029 and 14?
7
What is the highest common factor of 192 and 48?
48
What is the highest common divisor of 385 and 10945?
55
Calculate the highest common factor of 261 and 477891.
261
Calculate the highest common divisor of 8 and 5498.
2
What is the greatest common factor of 528388 and 1921?
113
What is the greatest common divisor of 17565 and 105?
15
Calculate the highest common divisor of 720 and 8960.
80
Calculate the greatest common factor of 114212 and 56.
28
Calculate the highest common divisor of 30548 and 98.
14
Calculate the highest common divisor of 174 and 19110.
6
Calculate the highest common divisor of 9316 and 113025.
137
What is the highest common factor of 4560 and 1800?
120
Calculate the highest common factor of 19832 and 76648.
536
What is the greatest common divisor of 203631 and 309?
309
What is the greatest common factor of 22 and 964755?
11
What is the highest common divisor of 80 and 5077920?
80
What is the highest common divisor of 20216 and 159467?
133
Calculate the highest common divisor of 4407 and 165594.
39
What is the highest common divisor of 215216 and 112?
16
What is the highest common factor of 5959 and 909?
101
What is the greatest common divisor of 78579 and 828?
9
What is the greatest common divisor of 111 and 472971?
111
Calculate the greatest common factor of 758961 and 27.
9
Calculate the greatest common factor of 491718 and 6.
6
Calculate the highest common divisor of 3452 and 44.
4
What is the highest common divisor of 101565 and 4995?
1665
Calculate the greatest common factor of 7 and 1360345.
7
What is the highest common factor of 1521 and 35919?
117
What is the highest common divisor of 147 and 5047?
49
Calculate the highest common factor of 6712 and 260929.
839
Calculate the highest common factor of 4407 and 117.
39
Calculate the highest common factor of 15 and 93516.
3
What is the highest common factor of 319867 and 303?
101
Calculate the highest common divisor of 1432 and 2040.
8
Calculate the greatest common divisor of 28528 and 176.
16
Calculate the highest common divisor of 31760 and 580.
20
What is the highest common divisor of 20320 and 11840?
160
Calculate the highest common factor of 5556 and 20.
4
What is the greatest common factor of 1370512 and 9152?
2288
Calculate the greatest common divisor of 2646 and 4374.
54
What is the greatest common divisor of 56759 and 23941?
269
Calculate the greatest common factor of 48993 and 63.
21
What is the greatest common factor of 102675 and 370?
185
What is the greatest common factor of 7596 and 44?
4
Calculate the highest common divisor of 91 and 825019.
13
What is the highest common factor of 1650 and 9119?
11
Calculate the highest common divisor of 47220 and 240.
60
Calculate the highest common divisor of 1798 and 9426015.
899
Calculate the highest common factor of 3337 and 242394.
71
What is the highest common divisor of 4180 and 40660?
380
What is the highest common divisor of 161321 and 19651?
457
Calculate the greatest common factor of 170 and 2414.
34
Calculate the greatest common factor of 50925 and 70.
35
Calculate the highest common factor of 5110 and 21389.
73
What is the highest common divisor of 2320 and 428040?
1160
Calculate the highest common factor of 134 and 732176.
134
What is the highest common divisor of 167 and 205577?
167
What is the greatest common divisor of 144 and 729?
9
What is the greatest common factor of 364 and 1435252?
364
What is the greatest common factor of 42355 and 223595?
985
What is the highest common factor of 148314 and 133?
19
Calculate the greatest common factor of 107899 and 748.
187
What is the highest common divisor of 9577 and 2074?
61
What is the greatest common divisor of 3997 and 56?
7
Calculate the highest common factor of 388910 and 60.
10
What is the greatest common divisor of 2532871 and 209?
209
What is the highest common factor of 171 and 8360?
19
What is the highest common divisor of 725 and 56666?
29
What is the highest common factor of 2666 and 25241?
43
Calculate the highest common factor of 585 and 54360.
45
What is the highest common factor of 37935 and 180402?
843
What is the highest common divisor of 4 and 18824?
4
What is the greatest co